w*a + 2*a - 48 = 0. What is the highest common divisor of 96 and a?
12
Let s be 2 - 2 - (2 + -6). Suppose -19 = -5*t - s. Suppose -t*p = -5*p + 378. Calculate the highest common divisor of 21 and p.
21
Suppose x - 1352 = -12*x. Calculate the highest common divisor of 13 and x.
13
Let f be (266/21)/(4/6). Calculate the greatest common divisor of 209 and f.
19
Suppose 5*q = 3*v - 35 + 5, -3*v + 9 = 2*q. Suppose v*p - 42 = 4*r + 67, -3*r = -3*p + 84. Let s = -19 - r. Calculate the greatest common divisor of s and 12.
12
Let m(y) = -y**3 + 16*y**2 + 22*y - 35. Let k be m(17). What is the highest common factor of k and 50?
50
Suppose 5*z - 10 = -0. What is the greatest common divisor of z and 3?
1
Suppose -2*c + 0*c + 14 = 0. Suppose 5*i + 86 = -4*w - 16, 3*w + 75 = -3*i. Let k be -3 - (-3)/3 - w. What is the highest common factor of k and c?
7
Let d be (2 - (-2)/(-1))/1. Let j be 17/(d + (-4)/(-20)). Calculate the greatest common divisor of 17 and j.
17
Suppose 5*l - 158 + 38 = 0. Calculate the greatest common factor of l and 8.
8
Suppose 0 = -5*b + k + 282, 4*b - 3*k - 80 - 139 = 0. Calculate the highest common divisor of 38 and b.
19
Let p(t) = t**3 + 25*t**2 - 27*t - 21. Let z be p(-26). What is the greatest common divisor of z and 115?
5
Let y = 25 - 15. Let p be 4/(-14) + 506/7. Suppose -4*w = v - 3*v - 168, p = 2*w + 2*v. Calculate the highest common divisor of w and y.
10
Let f = -4 - -43. Let i = -27 + f. What is the greatest common divisor of 96 and i?
12
Suppose 8 = 2*q + 2*g, 3*q - 1 = 5*g - 5. Suppose -q*z + 2 + 6 = 0. Suppose 2*t - 58 = -4*u, u - z*t = -t - 3. Calculate the highest common divisor of 60 and u.
12
Let z(i) = -2*i - 2. Let m be z(-3). Suppose t + m*o = -3*t - 4, -o = -4*t + 16. What is the greatest common factor of 2 and t?
1
Let l = 80 - 48. Let j(i) = i**2 - 11*i + 18. Let y be j(10). Calculate the highest common divisor of y and l.
8
Suppose -m + 0*m = -3*g - 19, 2*m = -2*g - 2. Let o(r) = r**3 - 2*r**2 - 4*r. Let n be o(m). Calculate the highest common factor of 24 and n.
8
Suppose -5*m - 92 = -m. Let a = m + 0. Let u = 40 + a. Calculate the highest common divisor of 153 and u.
17
Let a(j) = 6*j**3 + 6*j**2 - 7*j + 5. Let p be a(3). Calculate the greatest common factor of p and 40.
40
Let h(b) = -b**3 + 7*b**2 + b + 11. Let y be h(7). Calculate the greatest common factor of y and 126.
18
Let k be 4/(-6) + (-326)/(-3). What is the highest common divisor of 36 and k?
36
Let w(g) = g**3 - 6*g**2 - 19*g - 20. Let f be w(9). Calculate the highest common divisor of f and 65.
13
Let w be 6 - 2/(-4)*0. Suppose -24 = -3*a + w*a. Let t = a - -24. What is the greatest common divisor of t and 32?
16
Let g be -11*(-4)/8*14. What is the greatest common factor of 7 and g?
7
Suppose g = -2*g + 6. What is the highest common divisor of g and 10?
2
Let f = -200 + 307. Let t = f + -75. Let p(d) = 6*d + 26. Let m be p(9). Calculate the greatest common factor of m and t.
16
Let a be (-1)/(((-10)/(-6))/5). Let v be a/12 + (-87)/(-12). Suppose -9 = -j + v. What is the highest common divisor of 40 and j?
8
Suppose 6*v + 0*v = 120. Suppose -2*t = t - 30. Calculate the highest common divisor of v and t.
10
Suppose -6*s + 8*s - 48 = 0. Calculate the greatest common factor of 12 and s.
12
Let m(k) = -k**3 + 2*k**2 - k + 279. Let f be m(0). Calculate the greatest common divisor of 31 and f.
31
Let b(l) = -l**3 - 15*l**2 + 41*l - 31. Let k be b(-18). Suppose 3*p = -p + 5*c + 91, 4*p - 131 = -3*c. What is the highest common factor of p and k?
29
Let p be 66/(0/(-3) - 1). Let k = p + 44. Let c be 4/k + 158/22. Calculate the highest common divisor of c and 63.
7
Suppose -3*z + 0*z - 3*x + 54 = 0, -2*x + 51 = 3*z. Let h(s) = 22*s - 15. Let c be h(13). Let w = c + -151. What is the greatest common divisor of z and w?
15
Suppose -2*s = 2*m - 74, 6*m - 2*m - 139 = -s. Suppose 5*j = m + 26. Calculate the highest common divisor of j and 96.
12
Suppose -5*g - 85 + 326 = 3*r, -5*r + 35 = g. Let x be (-38)/(-4) + 2/4. Calculate the highest common divisor of g and x.
10
Let f(s) = s**2 - 11*s + 12. Let g be f(10). What is the greatest common divisor of g and 8?
2
Let v(m) = -m**3 + 8*m**2 - 5*m - 2. Let k be v(6). Let x be -3 - (-1 + 1 + -5). Let s = x - -6. Calculate the highest common divisor of k and s.
8
Suppose 4*z = -4, -2*o - 9*z = -4*z - 45. Suppose 5*w = p, 0 = 3*p - 5*p + 2*w + 8. What is the greatest common factor of o and p?
5
Let n(j) = 2*j**2 - 21*j + 46. Let h be n(14). Calculate the highest common divisor of 16 and h.
16
Let j = -26 + 42. Calculate the greatest common factor of j and 176.
16
Let j = 0 + 5. Suppose 0 = -j*w - 15, y + 3 = -0*y - 3*w. Calculate the greatest common factor of y and 24.
6
Let s(g) = -12*g**2 + 7*g + 5. Let c(o) = -11*o**2 + 6*o + 4. Let m(v) = -4*c(v) + 3*s(v). Let a be m(-3). Calculate the highest common factor of 10 and a.
10
Suppose -4*w - 16 = 0, -l = 2*l + w - 245. Let c = l + 27. Calculate the greatest common factor of 10 and c.
10
Let m(v) = -10*v - 16. Let u be m(-4). Let d = -71 - -143. What is the highest common divisor of d and u?
24
Let u(m) = 4*m**2 - m - 1. Suppose -5 = -w - 2. Suppose -4*l - 5 - w = 0, -l = -b. Let i be u(b). What is the highest common divisor of i and 187?
17
Let l = 138 + -83. Calculate the highest common factor of l and 5.
5
Let s(t) = t**3 - 14*t**2 - 16*t + 18. Let f be s(15). Let w be 5/(10/4)*12. What is the highest common divisor of w and f?
3
Let w = 118 + -93. Calculate the highest common divisor of w and 50.
25
Let g(r) = 0*r - 8 - r**3 - 2*r + 0*r - 6*r**2 + 0*r**3. Let h be g(-6). Let d = 22 + -16. What is the greatest common factor of d and h?
2
Suppose 0*v - 28 = -v - q, -2*q - 10 = 0. What is the highest common factor of 3 and v?
3
Let j be (-75)/6*(-24)/15. Suppose 5 = -5*d, 5*q - j = -3*d + 12. Let y be 6/21 - (-145)/q. Calculate the highest common factor of 3 and y.
3
Let t(l) = -l**2 - 16*l - 2. Let b be t(-15). What is the greatest common factor of b and 117?
13
Let a(j) = 3*j + 1. Suppose 2*p + 3*p - 5*w + 15 = 0, -3*p + 26 = 4*w. Let u be a(p). Calculate the greatest common divisor of u and 77.
7
Let r = 7 + -2. Suppose 2*o - 2*h - 108 = 0, r*h - 2*h - 58 = -o. Suppose 0 = -5*a + 41 - 16. Calculate the greatest common divisor of o and a.
5
Let y = 1 - -2. Suppose 0*v = -y*v + 54. Calculate the highest common divisor of 2 and v.
2
Let l(f) = 27*f. Let c be l(1). What is the greatest common factor of 297 and c?
27
Suppose 5*u = -3*j - 8 + 45, 4*u + 54 = 2*j. Calculate the greatest common factor of 171 and j.
19
Suppose 3*w = 5 + 1. Let p(g) = 9*g - 3. Let b be p(2). Let d be ((-36)/10)/((-3)/b). What is the highest common factor of w and d?
2
Let u be 3/((-6)/(-460)*2). Suppose 0 = 2*z - o - 43, -2*z - 3*z + 5*o = -u. Calculate the greatest common factor of z and 30.
10
Let t = 9 + -4. Let s = 1 + 1. Suppose s*g + 98 = t*d, -4*g + 2 + 2 = 0. What is the highest common factor of 30 and d?
10
Suppose 4*a - 5*t - 37 = 0, -4*a + 17 = -2*t - 17. What is the highest common divisor of 8 and a?
8
Let z(p) = -p**3 + 11*p**2 - 12*p - 12. Let h be z(9). Let y = -18 + h. Calculate the greatest common factor of 16 and y.
8
Let y = 3 - -4. What is the highest common divisor of 21 and y?
7
Suppose -4*o - 1 = 3. Let y be (-1 + 2)/(o/12). Let x be (-183)/y - (-2)/(-8). What is the highest common divisor of x and 135?
15
Let n be -9*-4*3/18. Suppose -51 = -2*s + 21. Calculate the greatest common factor of n and s.
6
Let t = 17 - 3. Suppose 0*m + 2*m = t. What is the greatest common factor of 7 and m?
7
Let f(m) = m - 2. Let b be f(6). Let j(l) be the third derivative of l**4/12 - 4*l**3/3 - 3*l**2. Let h be j(6). What is the highest common divisor of h and b?
4
Suppose -2*m + 73 = 2*f + 21, -4*f + 38 = m. Let z be 3*m/(0 + 2). Calculate the highest common divisor of z and 22.
11
Suppose -16 = -7*q + 3*q. Let u = 28 + -19. Let a = u - q. What is the highest common factor of a and 5?
5
Let s be 86/(3*(-3)/(-18)). What is the highest common factor of s and 43?
43
Let m be 0 + 8 - (6 - 4). Suppose -9 = -p + d + 3*d, 2*p + 4*d = m. Suppose p*q - 104 = 4*q. What is the greatest common divisor of q and 13?
13
Let x = 4 - 2. Suppose x*s = -3*s. Suppose -4*c = 2*w - s*c - 20, 3*c = -4*w